 o(-45).
-4
Let r(p) = -p**2 - 18*p - 90. Determine r(-12).
-18
Let k(t) = -t**2 - 40*t + 123. What is k(-43)?
-6
Let c(w) = 3*w**3 - 19*w**2 - 24*w + 15. Calculate c(6).
-165
Let p(g) = g**3 + 68*g**2 + 5*g + 218. Give p(-68).
-122
Let j(d) = 475*d + 1851. What is j(-4)?
-49
Let v(s) = -4*s**3 + 19*s**2 + 16*s - 10. Calculate v(6).
-94
Let y(w) = 3*w**2 - 48*w - 74. Calculate y(18).
34
Let i(c) = -c**3 + 66*c**2 + 206*c + 76. What is i(69)?
7
Let f(a) = -97*a**2 - 483*a + 13. What is f(-5)?
3
Let b(a) = -2*a**2 - 17*a + 54. Calculate b(-11).
-1
Let q(v) = -6*v**3 - 43*v**2 + 4*v - 294. Determine q(-8).
-6
Let v(i) = i**3 - 7*i**2 - 227*i + 18. Determine v(19).
37
Let b(g) = 5*g**2 + 66*g - 324. What is b(-17)?
-1
Let y(b) = -108*b + 1422. Determine y(13).
18
Let h(s) = -10*s**3 + 61*s**2 - 6*s - 22. Determine h(6).
-22
Let v(k) = 44754*k + 358039. Determine v(-8).
7
Let n(b) = -46*b - 5611. Calculate n(-122).
1
Let l(o) = -o**3 + 39*o**2 + 12*o - 516. Calculate l(39).
-48
Let d(a) = a**3 + 2*a**2 + 340*a + 680. Determine d(-2).
0
Let t(z) = 12*z**2 + 312*z + 1603. Give t(-7).
7
Let x(t) = -7*t**2 + 31*t - 1. Determine x(4).
11
Let m(u) = -u**3 + 22*u**2 - 112*u - 24. Give m(9).
21
Let l(p) = -113*p**2 + 73*p + 74. Give l(-1).
-112
Let b(c) = c**3 - 4*c**2 + 240*c - 468. Determine b(2).
4
Let u(i) = i**2 + 153*i - 9127. What is u(46)?
27
Let a(x) = x**3 + 36*x**2 - 24*x + 477. Give a(-37).
-4
Let y(a) = -73*a + 4097. Calculate y(56).
9
Let w(c) = c**3 - 6*c**2 - 163*c + 512. What is w(3)?
-4
Let u(o) = o**3 - 16*o**2 + 26*o + 2. Calculate u(6).
-202
Let u(f) = -159*f + 23374. Determine u(147).
1
Let j(h) = -h**2 + 65*h + 528. Determine j(73).
-56
Let l(q) = -2*q**3 + 193*q**2 - 86*q - 964. Calculate l(96).
-4
Let f(i) = -i**3 - 27*i**2 + 10*i + 56. What is f(-27)?
-214
Let h(f) = -6*f - 583. Calculate h(-95).
-13
Let y(m) = -99*m**2 + 397*m - 7. Determine y(4).
-3
Let q(j) = -j**3 - 11*j**2 - 71*j - 372. Determine q(-6).
-126
Let k(d) = 351*d + 686. Calculate k(-2).
-16
Let y(c) = -c**3 - 142*c + 447. Give y(3).
-6
Let j(c) = 22*c**3 + 3*c**2 - 4*c + 3. What is j(1)?
24
Let y(m) = m**3 - 43*m**2 - 29*m - 670. Determine y(44).
-10
Let f(y) = -17*y**2 + 196*y - 19. Give f(11).
80
Let t(g) = 35*g**2 - 256*g + 83. Determine t(7).
6
Let n(i) = -i**2 + 59*i - 92. What is n(2)?
22
Let v(b) = b**3 - 26*b**2 - 61*b + 973. Determine v(27).
55
Let w(j) = 11*j**2 - 172*j - 48. Determine w(16).
16
Let w(d) = 29*d + 53. What is w(-3)?
-34
Let t(f) = -9436*f - 141546. Determine t(-15).
-6
Let j(x) = -x**3 - 19*x**2 - 60. What is j(-20)?
340
Let c(v) = 50*v + 2645. What is c(-53)?
-5
Let o(f) = -2*f**3 + 10*f**2 + 50*f + 19. Give o(9).
-179
Let i(j) = 73*j - 366. Give i(5).
-1
Let i(z) = -7*z**2 + 11*z + 41. Calculate i(3).
11
Let q(y) = y**3 + 31*y**2 - 72*y - 174. Determine q(-33).
24
Let s(a) = -8*a**3 - 112*a**2 + 122*a + 23. Give s(-15).
-7
Let d(l) = l**2 - 1918*l - 7669. Determine d(-4).
19
Let v(y) = -285*y + 1769. What is v(6)?
59
Let l(o) = 391*o + 3047. What is l(-8)?
-81
Let y(v) = 3*v**2 + 676*v - 2756. Calculate y(4).
-4
Let a(f) = -4*f**2 + 822*f - 417. Give a(205).
-7
Let w(m) = -7*m**2 + 115*m - 57. Determine w(16).
-9
Let c(b) = -134*b - 5099. What is c(-38)?
-7
Let f(p) = p**2 + 88*p - 10390. Calculate f(-155).
-5
Let f(a) = -4*a**2 - 13*a + 16. What is f(2)?
-26
Let u(d) = -4*d**3 - 56*d**2 + 65*d + 65. Determine u(-15).
-10
Let l(t) = t**3 + 44*t**2 - 68*t - 6370. What is l(-42)?
14
Let b(c) = -96*c + 82. Determine b(1).
-14
Let w(o) = 11*o + 284. Determine w(-23).
31
Let z(i) = -3*i**3 - 25*i**2 + 4*i - 9. What is z(-10)?
451
Let x(i) = -i**3 - 36*i**2 - 278*i + 371. Determine x(-14).
-49
Let f(x) = -9*x**3 - 2*x**2 - x + 2. Determine f(-2).
68
Let d(g) = 86*g**2 + 2*g + 5. Determine d(1).
93
Let w(i) = i**3 - 2*i**2 - 26*i - 6. Calculate w(-4).
2
Let u(w) = w**3 - 31*w**2 + 54*w + 26. Give u(29).
-90
Let j(p) = -p**2 - 20*p - 94. Calculate j(-12).
2
Let z(a) = a**3 + 16*a**2 - 133*a + 253. Determine z(3).
25
Let u(x) = -14*x**2 - 245*x + 96. Give u(-18).
-30
Let f(x) = -x**3 + 24*x**2 + 34*x - 178. What is f(25)?
47
Let d(x) = -99*x - 2094. Determine d(-21).
-15
Let q(h) = 3*h - 34. Give q(14).
8
Let k(s) = 314*s + 689. Give k(-3).
-253
Let r(f) = 304*f + 1504. Determine r(-5).
-16
Let l(x) = -x**3 - 10*x**2 - 61*x - 3. Determine l(-4).
145
Let d(v) = v**3 - 361*v**2 + 18058*v + 115. What is d(60)?
-5
Let u(c) = 2592*c + 5157. What is u(-2)?
-27
Let c(l) = -718*l - 4322. Determine c(-6).
-14
Let r(z) = z**2 - 101*z + 534. Give r(95).
-36
Let y(f) = -60*f + 281. Determine y(-3).
461
Let h(f) = 188*f + 1323. What is h(-7)?
7
Let n(g) = -21*g**2 - 2239*g + 3124. Calculate n(-108).
-8
Let i(j) = j**3 - 30*j**2 + 128*j + 404. What is i(24)?
20
Let f(l) = -56*l**2 + 4*l + 8. Determine f(-2).
-224
Let h(v) = -2*v**3 - 45*v**2 + 32*v + 265. Calculate h(-23).
58
Let q(g) = -g**3 + 3*g**2 + 107*g + 60. Calculate q(0).
60
Let n(b) = b**3 - 25*b**2 - 773*b + 34. Calculate n(43).
77
Let f(x) = x**2 - 55*x + 475. Give f(45).
25
Let f(v) = 2*v**2 - 44*v + 28. Calculate f(24).
124
Let q(l) = -101*l - 2959. Determine q(-29).
-30
Let o(w) = -18*w - 946. What is o(-40)?
-226
Let o(w) = 2*w**3 + 310*w**2 + 1503*w + 443. Give o(-150).
-7
Let d(a) = a**2 - 81*a - 928. Give d(-10).
-18
Let r(p) = -2*p**2 + 212*p - 4842. What is r(72)?
54
Let g(a) = 131*a + 198. What is g(-2)?
-64
Let s(t) = -515*t - 11838. Give s(-23).
7
Let n(p) = 2*p**3 + 286*p**2 - 309*p - 3020. Calculate n(-144).
4
Let u(y) = 4026*y - 6. Give u(0).
-6
Let j(g) = -g**3 + 5*g**2 + 6*g - 38. Determine j(3).
-2
Let w(n) = 61*n - 4460. Calculate w(73).
-7
Let y(n) = -n**3 + 26*n**2 - 27*n + 53. Give y(25).
3
Let m(l) = l**2 - 40*l - 338. Give m(-7).
-9
Let u(v) = 3*v**2 - 21*v - 182. What is u(12)?
-2
Let h(y) = y**3 + 2*y**2 + 5*y - 197. What is h(0)?
-197
Let i(n) = -711*n + 8502. Determine i(12).
-30
Let r(p) = 5*p**3 + 11*p**2 - 10*p + 4. Give r(3).
208
Let c(i) = -67*i**3 + 74*i**2 - 12*i + 1. Determine c(1).
-4
Let k(f) = -f**2 - 11*f + 553. Determine k(-30).
-17
Let z(v) = -3*v**2 + 65*v - 43. Determine z(22).
-65
Let i(t) = -3181*t + 12686. What is i(4)?
-38
Let m(w) = -w**3 - 40*w**2 - 191*w + 1321. Calculate m(-33).
1
Let j(u) = u**3 - 15*u**2 + 25*u + 29. What is j(12)?
-103
Let h(c) = 2436*c - 7294. What is h(3)?
14
Let l(w) = 4*w + 487. What is l(-102)?
79
Let u(m) = -2*m**3 - 20*m**2 + 44*m + 436. Determine u(-10).
-4
Let n(v) = v**2 - 25*v - 174. Determine n(31).
12
Let d(f) = -70*f - 34. Calculate d(3).
-244
Let b(n) = 3*n**3 + 282*n**2 + 3*n + 334. Determine b(-94).
52
Let v(m) = -213*m + 217. Give v(1).
4
Let x(u) = u**3 - 17*u**2 + 2*u - 58. What is x(17)?
-24
Let l(m) = 76*m + 431. What is l(-6)?
-25
Let a(o) = 583*o - 1756. Give a(3).
-7
Let d(b) = b**3 + 9*b**2 + 2038*b + 20470. Determine d(-10).
-10
Let a(s) = 14*s**3 - 2*s**2 + 12*s + 34. What is a(-2)?
-110
Let v(x) = 11*x**2 - 61*x + 7. Determine v(9).
349
Let k(c) = -c**3 - 70*c**2 + 143*c - 55. Calculate k(-72).
17
Let h(n) = 51*n**2 - 21*n + 23. Determine h(1).
53
Let r(d) = 7*d + 241. Determine r(-31).
24
Let g(a) = -a**3 - 3*a**2 + 13*a + 36. Calculate g(-4).
0
Let p(y) = -200*y**2 - 807*y - 37. Calculate p(-4).
-9
Let t(d) = d + 17. Calculate t(-27).
-10
Let i(z) = z**3 + 58*z**2 + 48*z - 433. Determine i(-57).
80
Let a(y) = -2*y**2 - 104*y - 1349. Determine a(-25).
1
Let k(x) = 2*x**3 + 5*x**2 - 35*x + 242. Calculate k(7).
928
Let c(b) = 51*b**3 - 4*b**2 - 4*b. Give c(-1).
-51
Let c(w) = w**3 + 3*w**2 + 20*w + 52. Calculate c(-4).
-44
Let y(q) = 2*q**3 - 71*q**2 + 35*q - 32. Determine y(35).
-32
Let l(n) = 3*n**2 - 196*n - 344. Determine l(67).
-9
Let h(n) = 88*n - 2799. Calculate h(32).
17
Let j(b) = -13*b - 561. Determine j(-41).
-28
Let q(j) = -97*j + 304. Give q(3).
13
Let i(a) = 5*a**2 + 33*a + 27. Calculate i(-4).
-25
Let f(l) = -22*l - 346. What is f(-17)?
28
Let f(w) = w**2 + 118*w + 756. Give f(-7).
-21
Let r(g) = -g**3 + 9*g**2 + 630*g - 5095. Give r(8).
9
Let i(u) = -u**2 - 66*u + 592. What is i(8)?
0
Let f(i) = 314*i - 10. Determine f(0).
-10
Let f(a) = 14*a - 24. Give f(6).
60
Let n(i) = -i**2 + 34*i + 105. Give n(37).
-6
Let t(r) = r**2 - 41*r + 417. Calculate t(24).
9
Let n(u) = 3*u**2 + 159